 + -25. What is the tens digit of q?
1
Let s(y) = 8*y + 43. Suppose -3*g = -3*z + 33, -2*z - 2*z = -5*g - 48. What is the tens digit of s(z)?
9
Suppose -990 = 2*w + 3*w. Suppose 4*t = -a - 146, 12*t = 16*t + 16. Let k = a - w. What is the units digit of k?
8
Let g(n) = n**2 - 5*n - 10. Let j be g(6). Let k(t) = 19*t**3 + 2*t**2 - 2*t + 1. Let m be k(1). Let q = m - j. What is the tens digit of q?
2
Suppose -16*o + 6208 = -9088. What is the tens digit of -4 + o/4 + 0?
3
Suppose 2*h = -3*c - 1394, c + 482 = -3*h - 2*h. What is the units digit of c/(-15) - 16/20?
0
Suppose 11715 = 4*p - 5*t, 4*p = -3*t + 8903 + 2852. What is the thousands digit of p?
2
Suppose 55*h - 32*h = 25875. What is the thousands digit of h?
1
Let k = -18 + 23. Suppose -k*v - 195 = -10*v. What is the tens digit of v?
3
Let s(n) = -n - 22. Let c be s(-19). Let t = 25 - c. What is the units digit of t?
8
Let h = -11 + 16. Suppose h*u - 239 = -3*i, -5*u + 8 = 3. What is the tens digit of i?
7
Let v = -28 - -41. Suppose 2*w - 2*h = 10, -4*w + v = -h - 7. Suppose d - 4*k - 33 = 0, -w*d + 144 = -2*k + 51. What is the tens digit of d?
1
Let a be -2*65/(-15)*3/2. Let l(c) = -c**2 + 20*c - 5. What is the units digit of l(a)?
6
Let d = -437 + 755. What is the units digit of d?
8
Suppose -2*i + 825 = 5*g, 8*i = 4*g + 3*i - 660. Let d = g - 95. What is the units digit of d?
0
Let l(i) = -3*i**2 + 1. Suppose -13 + 1 = 4*q. Let z be l(q). Let w = z - -28. What is the units digit of w?
2
Let u = -317 - -3638. What is the tens digit of u?
2
Let c = -77 + 82. Let d be (0*1/2)/(-2). Suppose d = c*r + 4*q - 123, 5*r + 3*q = 131 - 10. What is the tens digit of r?
2
Suppose 12*f = 7*f - 30. What is the units digit of 989/7 + f/21?
1
Let t(h) = 9*h**2 + 3*h. Suppose 4*r + 2*s = -3 - 3, -2*r - 6 = -2*s. Let n be t(r). Suppose -k - n = -c, -3*k = 3*c + c - 148. What is the units digit of c?
4
Suppose 0 = -81*x + 150678 - 3987. What is the tens digit of x?
1
Let g(m) = -10*m + 3*m**3 - 2*m**3 + 9*m**2 - m - 2*m - 15. What is the hundreds digit of g(-8)?
1
Suppose 56 = 32*b - 28*b. Let l = b + 67. What is the units digit of l?
1
Let a = 119 - -109. What is the units digit of a?
8
Let t = 92 + -58. What is the units digit of t?
4
Let a(s) = -4*s**2 + 3*s - 13. Let h be a(9). Let c be (-8)/44 + h/(-11). Suppose -16 - c = -4*p. What is the units digit of p?
1
Let w be (-9)/21 - (-2754)/(-42). What is the tens digit of (-912)/w - 2/(-11)?
1
Suppose 533 + 5952 = 5*n. What is the tens digit of n?
9
Suppose -2*p + 232 = -90. Let w(n) = 38*n + 1. Let m be w(-3). Let i = p + m. What is the tens digit of i?
4
Suppose 0 = -2*x - 2*x - 20, x = 5*t + 55. Let d be (-9)/4*64/t. Let l = 27 - d. What is the units digit of l?
5
Suppose 29712 = 9*z - 7701. What is the hundreds digit of z?
1
Let b be 173/(-2) - 9/6. Let r = b - -154. What is the tens digit of r?
6
Let q = 460 - 244. What is the tens digit of q?
1
Let d = -514 - -1057. What is the units digit of d?
3
Let n(o) = o**2 - 9*o + 8. Let g be n(8). Suppose 8*d = -g*d + 24. Suppose d*q + b = 15, 3*b - 20 = -4*q + b. What is the units digit of q?
5
Let x(h) = 2*h. Let g be x(2). Suppose 50 = g*d - a - a, -41 = -4*d + 5*a. Suppose 7 + d = 3*u. What is the units digit of u?
7
Let q(s) be the first derivative of s**2/2 + 15*s - 7. Let d be q(-11). Suppose -2*h + d*h = 2*z + 46, -z = -3*h + 71. What is the tens digit of h?
2
Let t = 643 - -144. What is the tens digit of t?
8
What is the units digit of 56/(-35)*1365/(-6)?
4
Let x be 101 + 0 - (0 + 2). Suppose 4*o - x = -27. Suppose o = -0*t + t. What is the units digit of t?
8
Let b(j) = 3*j. Let f be b(-1). Let y = f + 7. Suppose y*g - m - 31 = 4*m, -3*g - 2*m + 52 = 0. What is the units digit of g?
4
What is the hundreds digit of -1*32/8 - -402?
3
Suppose -7*g = -4*g - 24. Let i(o) = -2*o**2 - 8*o + 6. Let m(w) = 5*w**2 + 25*w - 18. Let x(p) = 8*i(p) + 3*m(p). What is the tens digit of x(g)?
1
What is the units digit of 12 + 25/((-300)/(-47448))?
6
Let k(f) = -f**3 - f**2 + 8*f + 3. Let t = 37 + -42. What is the tens digit of k(t)?
6
Let j be 2/7 + 4/(-14). Suppose j = -2*s + 12 + 6. What is the units digit of 29/2 + s/(-18)?
4
Suppose 48*w - 1314 = -4*y + 49*w, -4*y - 5*w = -1326. What is the units digit of y?
9
Suppose -752 = -5*y - 2*i, 3*y - 7*y + i + 599 = 0. What is the tens digit of y?
5
Let l(m) = -17*m - 264. What is the units digit of l(-38)?
2
Suppose -s - 567 = -x, -3*x - 5*s + 2591 - 874 = 0. What is the tens digit of x?
6
Suppose 10*x - 14*x = 4*h - 7252, 9070 = 5*x + 4*h. What is the hundreds digit of x?
8
What is the thousands digit of 1*7/((-56)/(-11512))?
1
Suppose 0*w - 2*u = -5*w + 84, 3*w = u + 50. Let p(d) = 9*d**2 + 2*d - 2. Let l be p(-2). Let t = l - w. What is the units digit of t?
4
Let w = 2154 - 813. What is the units digit of w?
1
Let x = 674 + -22. What is the units digit of x?
2
Let k = 43 + -89. Let v = k - -117. What is the tens digit of v?
7
Let k = 38 - 33. Suppose 197 = 3*p + k*h, -p + 79 = -h - 0*h. What is the units digit of p?
4
Let g(i) = 0 - 5*i**3 + 2*i**3 - i**3 - 2. What is the tens digit of g(-2)?
3
Let v(k) = 43*k + 5. Let g(l) = 43*l + 6. Let y(i) = 5*g(i) - 6*v(i). What is the units digit of y(-1)?
3
Suppose 4 = -6*o - 14. What is the tens digit of (-268)/(-6) + 3 + (-1)/o?
4
Let f = -130 + 161. What is the tens digit of f?
3
What is the hundreds digit of 1332/126*(1028/8 - -1)?
3
Let b = 1023 - 672. What is the units digit of b?
1
Let k be (-88)/(-15) - (-2)/15. Let x(u) = u**2 - 9*u + 8. Let i be x(k). What is the tens digit of (i/(-6))/(4/24)?
1
Suppose 11*v - v + 260 = 0. Let n = v - -96. What is the units digit of n?
0
Suppose -l = -5*v - 108, 4*v - 5*l = -60 - 18. Let x = v + 24. What is the units digit of x?
2
Suppose 0 = -0*x + 4*x - 2*x. Suppose x = -3*j + 123 + 291. What is the hundreds digit of j?
1
Suppose 2*x + 2*p - 630 = 0, -3*p - 538 = -3*x + 395. What is the tens digit of x?
1
Let l = 47 + -43. Suppose l*a - 495 = 157. What is the tens digit of a?
6
Suppose -p + 162 + 78 = 0. Suppose -7*v + 11*v - p = 0. What is the units digit of v?
0
Suppose -7 - 1 = -4*x. Suppose 0 = l + x*l - 198. What is the tens digit of l?
6
Let x(m) be the third derivative of m**5/12 + m**4/4 + 7*m**3/3 - 11*m**2. What is the units digit of x(-5)?
9
Let p = 15 + -12. Suppose 2*c - 65 = -p*a, 2*c + a + 0*a - 67 = 0. Suppose 2*x - c = 2. What is the tens digit of x?
1
Suppose -68 = 8*i - 4*i. Let g = -12 - i. Let t = g + 1. What is the units digit of t?
6
Let v = 8 + -21. Let a = -23 - v. Let o(x) = -x**2 - 13*x - 6. What is the units digit of o(a)?
4
Let l be -2 + (-4)/8*-4. Suppose l*a - 8 = -2*a. Suppose u = 0, 5*g - 5*u = 166 + a. What is the units digit of g?
4
Suppose 0*k + 24 = 8*k. What is the tens digit of 2 - (-4 + k) - -79?
8
Let b be (0 + 4)/12*36. Let z be b/(-9)*(-5 - 1). Suppose z - 98 = -2*q. What is the units digit of q?
5
Suppose -5*a = 4*z - 26465, 5*a = 9*a + z - 21161. What is the units digit of a?
9
Suppose 15 = 5*m, -i - 3*m = 2*m - 86. What is the tens digit of i?
7
Suppose 8*c - 186 + 50 = 0. Suppose -c = -4*r + 11. What is the units digit of r?
7
Let b(v) = -2*v - 6. Let k be b(-4). Let n(w) = -3*w - 5 + 9 + k*w + 0. What is the units digit of n(-3)?
7
Let x = 13 - 11. Suppose -x*c - 2*c - 80 = 0. What is the tens digit of c*(21/(-6) - -3)?
1
Suppose 1584 = l - 3214. What is the tens digit of l?
9
Let r be (-1)/4*(-36)/(-9). What is the units digit of (-12)/(-6)*r - (-1 - 201)?
0
Let c(i) = 6*i**3 - 5*i - 17. What is the tens digit of c(5)?
0
Let z(d) = 25*d**3 - 5*d**2 - 9*d + 20. What is the units digit of z(4)?
4
Let d(c) = 197*c + 24. Let s(a) = 98*a + 13. Let m(y) = -4*d(y) + 7*s(y). What is the units digit of m(-2)?
9
Let d(m) be the second derivative of 11*m**3/6 + 5*m**2/2 + 13*m. What is the units digit of d(6)?
1
Let k(o) = o**2 - 7*o + 12. Suppose -4*j - 5 - 7 = 0. Let u(a) = a**2 + a + 2. Let t be u(j). What is the units digit of k(t)?
0
Let s be 5/(-2)*(-152)/95. What is the tens digit of (424/s)/2*1?
5
Suppose -82 = -j + 3*s - 8*s, 4*j + 4*s = 408. Suppose -4*o - j = -11. Let h = 3 - o. What is the tens digit of h?
2
Suppose -m = 4*u - 134, 2*u + 7*m = 2*m + 76. Let c = -14 + u. What is the tens digit of c?
1
Suppose 4*h = 2*u + 1236